
Let l(d) = 2673*d + 10650. What is l(-4)?
-42
Let q(g) = -g**3 + 49*g**2 - 75*g - 128. Calculate q(47).
765
Let l(j) = -9*j**3 - 111*j**2 - 329*j + 41. Give l(-7).
-8
Let n(i) = -271073*i - 5150343. What is n(-19)?
44
Let q(r) = r**3 + 26*r**2 + 229*r + 6794. Determine q(-27).
-118
Let u(r) = 641*r**3 + 17949*r**2 + 24*r - 90. Calculate u(-28).
22
Let q(f) = -3*f**3 - 360*f**2 + 2268*f - 25. Give q(6).
-25
Let c(b) = -12*b**2 - 2615*b - 5165. What is c(-2)?
17
Let t(l) = l**3 + 523*l**2 + 25364*l + 2044. What is t(-54)?
-8
Let i(a) = -a**3 + 177*a**2 + 201*a - 3725. What is i(178)?
369
Let z(b) = -b**3 - 250*b**2 - 1944*b - 1933. Calculate z(-242).
3
Let j(x) = x**3 + 73*x**2 - 170*x - 7108. Calculate j(-74).
-4
Let k(q) = -15416*q - 940357. Determine k(-61).
19
Let y(z) = -29*z**2 - 5511*z - 177. What is y(-190)?
13
Let q(g) = 22*g**2 - 181*g - 348. Determine q(-2).
102
Let s(t) = -39064*t + 546776. What is s(14)?
-120
Let s(i) = -19975*i + 119857. Determine s(6).
7
Let d(l) = -781*l - 543. What is d(-2)?
1019
Let c(a) = -2*a**2 - 14384*a - 129299. What is c(-9)?
-5
Let s(v) = 10281*v + 30756. Calculate s(-3).
-87
Let x(b) = -b**2 + 33596*b + 336059. What is x(-10)?
-1
Let s(t) = -303*t**2 - 9976*t - 403. What is s(-33)?
-1162
Let f(i) = -i**2 + 4438*i - 88394. Give f(20).
-34
Let m(l) = 78*l**3 + 479*l**2 + 67*l + 40. Determine m(-6).
34
Let h(x) = -7472*x - 22345. Give h(-3).
71
Let z(n) = n**3 + 597*n**2 + 67934*n + 297. Determine z(-153).
-9
Let g(n) = -697747*n - 6279821. What is g(-9)?
-98
Let y(h) = 37*h**3 + 1103*h**2 - 231*h - 643. Give y(-30).
-13
Let g(k) = -46140*k**2 - 830524*k - 46. Calculate g(-18).
26
Let f(g) = 3111*g + 165425. Give f(-53).
542
Let l(s) = -15202*s - 1672215. Determine l(-110).
5
Let z(y) = -516*y + 4383. Calculate z(7).
771
Let x(z) = -757*z + 25606. Determine x(34).
-132
Let z(l) = -499*l + 34012. Determine z(68).
80
Let o(g) = -441*g + 3217. What is o(8)?
-311
Let d(s) = s**3 + 35*s**2 - 226*s + 1085. What is d(-41)?
265
Let w(n) = -2806*n**3 + 7*n**2 - 55*n - 62. Calculate w(-1).
2806
Let g(z) = 1887*z + 205673. Calculate g(-109).
-10
Let l(h) = -2*h**3 - 35*h**2 + 18772*h + 37695. What is l(-2)?
27
Let d(k) = -9*k**2 + 2344*k + 6130. What is d(263)?
81
Let r(v) = 10*v**3 + 117*v**2 - 76*v - 463. What is r(-12)?
17
Let z(u) = -5685*u - 56812. What is z(-10)?
38
Let z(c) = 2*c**3 + 45*c**2 + 85*c + 592. Calculate z(-21).
130
Let a(w) = 6025*w + 72259. Calculate a(-12).
-41
Let y(t) = t**2 - 287*t + 9262. What is y(250)?
12
Let k(o) = 4*o**2 - 268*o + 3573. Calculate k(48).
-75
Let c(a) = -a**2 + 354*a - 3099. Give c(9).
6
Let v(f) = -11055*f + 243183. What is v(22)?
-27
Let l(m) = 320*m - 198722. Calculate l(621).
-2
Let w(x) = 4*x**2 - 124*x - 9266. Give w(-34).
-426
Let d(l) = 2*l**3 - 251*l**2 + 4393*l - 67. Give d(21).
17
Let x(c) = 59*c**2 + 488*c + 34. What is x(-8)?
-94
Let h(a) = -28*a**3 + 150*a**2 - 622*a - 7. Determine h(4).
-1887
Let m(k) = 10*k**2 + 39*k - 334. Calculate m(9).
827
Let j(p) = -p**3 + 86*p**2 + 4263*p - 4647. What is j(-36)?
-3
Let b(z) = -33*z**2 + 141*z + 1143. What is b(-5)?
-387
Let h(u) = -25*u**3 - 4*u**2 - 132*u + 410. Calculate h(3).
-697
Let g(m) = -3*m**2 - 171*m + 1997. Determine g(-67).
-13
Let x(m) = -6*m**3 + 4923*m**2 - 12342*m + 58897. Calculate x(818).
1
Let u(f) = -2*f**3 + 148*f**2 - 43*f + 3175. What is u(74)?
-7
Let q(y) = -24914*y + 1121118. Determine q(45).
-12
Let v(t) = 85*t**3 - 8328*t**2 - 198*t + 134. Give v(98).
-62
Let f(c) = -289*c**2 + 58077*c + 2419. Determine f(201).
7
Let f(l) = l**3 - l**2 + 85*l - 275. Give f(3).
-2
Let x(l) = 2*l**2 + 478*l + 23853. Calculate x(-168).
-3
Let q(d) = 52*d**2 + 3472*d + 3470. Give q(-1).
50
Let z(w) = -31*w**3 + 1764*w**2 + 172*w - 56. Give z(57).
1
Let v(m) = 92631*m - 2778880. Determine v(30).
50
Let a(f) = f**3 - 100*f**2 - 1065*f + 72. Give a(-10).
-278
Let w(i) = 81283*i + 2601068. Give w(-32).
12
Let x(y) = 2*y**3 - 196*y**2 - 70*y + 7261. What is x(98)?
401
Let o(g) = 2*g**3 - 18*g**2 - 28884*g + 57832. Calculate o(2).
8
Let i(n) = 342354*n + 1369387. Give i(-4).
-29
Let n(u) = 3*u**3 - 34*u**2 + 19*u - 162. What is n(6)?
-624
Let x(l) = 647*l - 29458. Determine x(45).
-343
Let j(u) = 2*u**3 - 11*u**2 + 68818*u - 412953. Give j(6).
-9
Let i(d) = d**3 - 266*d**2 + 4270*d - 9202. What is i(249)?
11
Let w(a) = -9*a**2 - 1776*a - 16853. What is w(-10)?
7
Let i(s) = 2465*s + 1353375. What is i(-549)?
90
Let p(g) = 2*g**3 + 330*g**2 - 327*g - 226. Calculate p(-166).
-1056
Let k(n) = 170*n**2 - 1748*n - 5968. What is k(13)?
38
Let z(c) = 7685*c**2 + 161491*c - 2. Determine z(-21).
-2228
Let q(v) = -v**2 - 4098*v - 49073. Calculate q(-12).
-41
Let i(s) = -7*s**2 + 72*s + 1002. What is i(19)?
-157
Let x(h) = -h**2 - 69*h + 8085. Determine x(62).
-37
Let p(l) = l**3 + 10*l**2 + 3108*l - 6265. Determine p(2).
-1
Let p(y) = -y**2 + 1116*y - 105470. Determine p(104).
-222
Let k(w) = 19827*w - 59478. What is k(3)?
3
Let x(g) = -18848*g + 25388261. Calculate x(1347).
5
Let z(t) = 2003*t + 3935. Give z(-2).
-71
Let s(y) = -4*y**3 - 62*y**2 - 155*y - 2009. Calculate s(-15).
-134
Let i(j) = 9*j**3 - 159*j**2 + 513*j + 419. Give i(13).
-10
Let a(o) = 7323*o + 22038. What is a(-3)?
69
Let a(k) = -1482*k + 2278. Calculate a(2).
-686
Let a(r) = 373*r**3 + 2*r**2 + 358*r - 360. Calculate a(1).
373
Let q(r) = 9*r**2 + 1225*r + 22799. Give q(-23).
-615
Let h(w) = 22045*w + 154468. Calculate h(-7).
153
Let z(c) = -c**3 + 43*c**2 - 75*c - 304. What is z(41)?
-17
Let p(h) = -1669168*h - 8345857. Calculate p(-5).
-17
Let b(w) = 22*w**3 + 15*w + 31. What is b(5)?
2856
Let m(d) = -496*d + 3057. Determine m(9).
-1407
Let u(o) = o**3 + 95*o**2 + 511*o + 5253. Give u(-90).
-237
Let v(f) = -f**3 - 5*f**2 - 82*f - 658. Determine v(-10).
662
Let z(x) = x**3 + 18*x**2 - 402*x - 17. Give z(13).
-4
Let x(b) = 2*b**3 + 1106*b**2 - 100*b - 55284. Calculate x(-553).
16
Let o(s) = -s**3 + 44*s**2 + 152*s - 411. What is o(47)?
106
Let i(d) = 312*d**2 + 31*d + 101. What is i(-2)?
1287
Let k(w) = -3*w**2 + 25*w + 1863. Determine k(-21).
15
Let n(r) = 2*r**2 + 274*r - 1980. Calculate n(7).
36
Let y(u) = 2666*u - 2780694. What is y(1043)?
-56
Let y(w) = -w**2 - 746*w - 54854. Give y(-82).
-406
Let o(s) = 355*s + 12784. Determine o(-36).
4
Let t(f) = -9*f**3 + 201*f**2 - 22*f + 432. What is t(22)?
1400
Let f(q) = -3*q**2 - 1153*q - 80150. Calculate f(-293).
132
Let r(g) = 107*g**2 + 1248*g - 291. Give r(-12).
141
Let h(i) = 44*i + 2517. Give h(-51).
273
Let s(y) = -y**3 + 68*y**2 + 216*y + 316. What is s(71)?
529
Let q(h) = -2115*h + 156354. What is q(74)?
-156
Let o(w) = -548*w - 10224. Give o(-17).
-908
Let s(l) = -2478*l**2 - 8599*l - 25. Determine s(-4).
-5277
Let l(c) = -c**2 - 5259*c - 716653. Calculate l(-140).
7
Let l(m) = 4*m**2 - 359*m + 694. Calculate l(89).
427
Let d(v) = 29776*v - 714646. What is d(24)?
-22
Let y(t) = -12*t**2 - 238*t - 1659. Give y(-7).
-581
Let c(z) = 2*z**2 + 95*z - 113. Calculate c(-48).
-65
Let r(s) = 4*s**3 - 16*s**2 + 2*s + 131. Give r(-3).
-127
Let h(t) = 14983*t + 179393. Give h(-12).
-403
Let l(h) = -3*h**2 - 60*h + 3059. Determine l(-44).
-109
Let k(t) = -84*t**3 + 10*t**2 + 23*t - 4. What is k(1)?
-55
Let f(a) = -50*a**2 + 4627*a + 2135. What is f(93)?
-4
Let d(n) = -80*n**3 + 19*n**2 - 14*n + 14. Calculate d(1).
-61
Let c(n) = -n**2 - 93*n + 426. Determine c(-93).
426
Let u(d) = -16*d**2 - 498*d + 4836. What is u(8)?
-172
Let n(u) = -3*u**2 - 22600*u - 225503. Determine n(-10).
197
Let a(m) = 11*m**2 - 152*m + 232. What is a(11)?
-109
Let u(i) = -6*i**2 + 1003*i + 132486. What is u(-87)?
-189
Let a(x) = -2601*x**2 - 7823*x - 38. Determine a(-3).
22
Let z(w) = 9*w**2 - 723*w + 2302. What is z(77)?
-8
Let i(u) = 6425*u + 70457. What is i(-11)?
-218
Let q(k) = -k**3 + 16*k**2 + 597*k - 2645. Give q(32).
75
Let z(f) = 4*f**3 + 2*f**2 - 2347*f + 2345. What is z(1)?
4
Let h(s) = -11*s**3 - 317*s**2 + 60*s + 115. Give h(-29).
57
Let k(z) = -111*z + 9999. Determine k(97).
-768
Let d(v) = -2*v**3 + 24*v**2 - 44*v + 126. What is d(9)?
216
Let r(o) = 225*o**2 - 18015*o + 1206. Give r(80).
6
Let h(l) = 11*l**2 + 514*l - 429. What is h(-51)?
1968
Let l(b) = -b**3 - b**2 + 1437*b + 11401. Give l(-8).
353
Let a(d) = d**2